{"id":4704,"date":"2019-01-16T17:45:51","date_gmt":"2019-01-16T16:45:51","guid":{"rendered":"https:\/\/www.alphacan.com\/?page_id=4704"},"modified":"2019-04-17T11:10:29","modified_gmt":"2019-04-17T09:10:29","slug":"acabado-de-techo","status":"publish","type":"page","link":"https:\/\/www.alphacan.com\/es\/espace-clair\/acabado-de-techo\/","title":{"rendered":"Acabado de techos"},"content":{"rendered":"<p><strong>LA COMBINACION PERFECTA<\/strong><\/p>\n<p>La l\u00ednea ESPACE CLAIR ofrece una gama muy amplia de perfiles para el acabado de techos.<\/p>\n<p>Los paneles, hechos de PVC celular expandido, est\u00e1n disponibles en diversas longitudes, de 150 a 400 mm.<\/p>\n<p>Esta gama se complementa con paneles de PVC expandido o r\u00edgido, con anchos que var\u00edan entre 200 mm a 350 mm.<\/p>\n<p>Est\u00e1 disponible en diversos acabados coloreados y grados de brillo.<\/p>\n","protected":false},"excerpt":{"rendered":"<p>LA COMBINACION PERFECTA La l\u00ednea ESPACE CLAIR ofrece una gama muy amplia de perfiles para el acabado de techos. Los paneles, hechos de PVC celular expandido, est\u00e1n disponibles en diversas longitudes, de 150 a 400 mm. Esta gama se complementa con paneles de PVC expandido o r\u00edgido, con anchos que var\u00edan entre 200 mm a [&hellip;]<\/p>\n","protected":false},"author":559,"featured_media":4267,"parent":4703,"menu_order":2,"comment_status":"closed","ping_status":"closed","template":"","meta":{"_acf_changed":false,"footnotes":""},"class_list":["post-4704","page","type-page","status-publish","has-post-thumbnail","hentry"],"acf":[],"yoast_head":"<!-- This site is optimized with the Yoast SEO plugin v27.0 - https:\/\/yoast.com\/product\/yoast-seo-wordpress\/ -->\n<title>Acabado de techos &#8211; Alphacan<\/title>\n<meta name=\"description\" content=\"LA COMBINACION PERFECTA La l\u00ednea ESPACE CLAIR ofrece una gama muy amplia de perfiles para el acabado de techos. Los paneles, hechos de PVC celular\" \/>\n<meta name=\"robots\" content=\"index, follow, max-snippet:-1, max-image-preview:large, max-video-preview:-1\" \/>\n<link rel=\"canonical\" href=\"https:\/\/www.alphacan.com\/es\/espace-clair\/acabado-de-techo\/\" \/>\n<meta property=\"og:locale\" content=\"es_ES\" \/>\n<meta property=\"og:type\" content=\"article\" \/>\n<meta property=\"og:title\" content=\"Acabado de techos &#8211; Alphacan\" \/>\n<meta property=\"og:description\" content=\"LA COMBINACION PERFECTA La l\u00ednea ESPACE CLAIR ofrece una gama muy amplia de perfiles para el acabado de techos. Los paneles, hechos de PVC celular\" \/>\n<meta property=\"og:url\" content=\"https:\/\/www.alphacan.com\/es\/espace-clair\/acabado-de-techo\/\" \/>\n<meta property=\"og:site_name\" content=\"Alphacan\" \/>\n<meta property=\"article:modified_time\" content=\"2019-04-17T09:10:29+00:00\" \/>\n<meta property=\"og:image\" content=\"https:\/\/www.alphacan.com\/wp-content\/uploads\/2017\/11\/pictos-Toit.jpg\" \/>\n\t<meta property=\"og:image:width\" content=\"484\" \/>\n\t<meta property=\"og:image:height\" content=\"540\" \/>\n\t<meta property=\"og:image:type\" content=\"image\/jpeg\" \/>\n<meta name=\"twitter:card\" content=\"summary_large_image\" \/>\n<script type=\"application\/ld+json\" class=\"yoast-schema-graph\">{\"@context\":\"https:\/\/schema.org\",\"@graph\":[{\"@type\":\"WebPage\",\"@id\":\"https:\/\/www.alphacan.com\/es\/espace-clair\/acabado-de-techo\/\",\"url\":\"https:\/\/www.alphacan.com\/es\/espace-clair\/acabado-de-techo\/\",\"name\":\"Acabado de techos &#8211; Alphacan\",\"isPartOf\":{\"@id\":\"https:\/\/www.alphacan.com\/es\/#website\"},\"primaryImageOfPage\":{\"@id\":\"https:\/\/www.alphacan.com\/es\/espace-clair\/acabado-de-techo\/#primaryimage\"},\"image\":{\"@id\":\"https:\/\/www.alphacan.com\/es\/espace-clair\/acabado-de-techo\/#primaryimage\"},\"thumbnailUrl\":\"https:\/\/www.alphacan.com\/wp-content\/uploads\/2017\/11\/pictos-Toit.jpg\",\"datePublished\":\"2019-01-16T16:45:51+00:00\",\"dateModified\":\"2019-04-17T09:10:29+00:00\",\"description\":\"LA COMBINACION PERFECTA La l\u00ednea ESPACE CLAIR ofrece una gama muy amplia de perfiles para el acabado de techos. Los paneles, hechos de PVC celular\",\"breadcrumb\":{\"@id\":\"https:\/\/www.alphacan.com\/es\/espace-clair\/acabado-de-techo\/#breadcrumb\"},\"inLanguage\":\"es\",\"potentialAction\":[{\"@type\":\"ReadAction\",\"target\":[\"https:\/\/www.alphacan.com\/es\/espace-clair\/acabado-de-techo\/\"]}]},{\"@type\":\"ImageObject\",\"inLanguage\":\"es\",\"@id\":\"https:\/\/www.alphacan.com\/es\/espace-clair\/acabado-de-techo\/#primaryimage\",\"url\":\"https:\/\/www.alphacan.com\/wp-content\/uploads\/2017\/11\/pictos-Toit.jpg\",\"contentUrl\":\"https:\/\/www.alphacan.com\/wp-content\/uploads\/2017\/11\/pictos-Toit.jpg\",\"width\":484,\"height\":540},{\"@type\":\"BreadcrumbList\",\"@id\":\"https:\/\/www.alphacan.com\/es\/espace-clair\/acabado-de-techo\/#breadcrumb\",\"itemListElement\":[{\"@type\":\"ListItem\",\"position\":1,\"name\":\"Accueil\",\"item\":\"https:\/\/www.alphacan.com\/es\/\"},{\"@type\":\"ListItem\",\"position\":2,\"name\":\"Espace Clair\",\"item\":\"https:\/\/www.alphacan.com\/es\/espace-clair\/\"},{\"@type\":\"ListItem\",\"position\":3,\"name\":\"Acabado de techos\"}]},{\"@type\":\"WebSite\",\"@id\":\"https:\/\/www.alphacan.com\/es\/#website\",\"url\":\"https:\/\/www.alphacan.com\/es\/\",\"name\":\"Alphacan\",\"description\":\"Concepteur Menuiseries\",\"potentialAction\":[{\"@type\":\"SearchAction\",\"target\":{\"@type\":\"EntryPoint\",\"urlTemplate\":\"https:\/\/www.alphacan.com\/es\/?s={search_term_string}\"},\"query-input\":{\"@type\":\"PropertyValueSpecification\",\"valueRequired\":true,\"valueName\":\"search_term_string\"}}],\"inLanguage\":\"es\"}]}<\/script>\n<!-- \/ Yoast SEO plugin. -->","yoast_head_json":{"title":"Acabado de techos &#8211; Alphacan","description":"LA COMBINACION PERFECTA La l\u00ednea ESPACE CLAIR ofrece una gama muy amplia de perfiles para el acabado de techos. Los paneles, hechos de PVC celular","robots":{"index":"index","follow":"follow","max-snippet":"max-snippet:-1","max-image-preview":"max-image-preview:large","max-video-preview":"max-video-preview:-1"},"canonical":"https:\/\/www.alphacan.com\/es\/espace-clair\/acabado-de-techo\/","og_locale":"es_ES","og_type":"article","og_title":"Acabado de techos &#8211; Alphacan","og_description":"LA COMBINACION PERFECTA La l\u00ednea ESPACE CLAIR ofrece una gama muy amplia de perfiles para el acabado de techos. Los paneles, hechos de PVC celular","og_url":"https:\/\/www.alphacan.com\/es\/espace-clair\/acabado-de-techo\/","og_site_name":"Alphacan","article_modified_time":"2019-04-17T09:10:29+00:00","og_image":[{"width":484,"height":540,"url":"https:\/\/www.alphacan.com\/wp-content\/uploads\/2017\/11\/pictos-Toit.jpg","type":"image\/jpeg"}],"twitter_card":"summary_large_image","schema":{"@context":"https:\/\/schema.org","@graph":[{"@type":"WebPage","@id":"https:\/\/www.alphacan.com\/es\/espace-clair\/acabado-de-techo\/","url":"https:\/\/www.alphacan.com\/es\/espace-clair\/acabado-de-techo\/","name":"Acabado de techos &#8211; Alphacan","isPartOf":{"@id":"https:\/\/www.alphacan.com\/es\/#website"},"primaryImageOfPage":{"@id":"https:\/\/www.alphacan.com\/es\/espace-clair\/acabado-de-techo\/#primaryimage"},"image":{"@id":"https:\/\/www.alphacan.com\/es\/espace-clair\/acabado-de-techo\/#primaryimage"},"thumbnailUrl":"https:\/\/www.alphacan.com\/wp-content\/uploads\/2017\/11\/pictos-Toit.jpg","datePublished":"2019-01-16T16:45:51+00:00","dateModified":"2019-04-17T09:10:29+00:00","description":"LA COMBINACION PERFECTA La l\u00ednea ESPACE CLAIR ofrece una gama muy amplia de perfiles para el acabado de techos. Los paneles, hechos de PVC celular","breadcrumb":{"@id":"https:\/\/www.alphacan.com\/es\/espace-clair\/acabado-de-techo\/#breadcrumb"},"inLanguage":"es","potentialAction":[{"@type":"ReadAction","target":["https:\/\/www.alphacan.com\/es\/espace-clair\/acabado-de-techo\/"]}]},{"@type":"ImageObject","inLanguage":"es","@id":"https:\/\/www.alphacan.com\/es\/espace-clair\/acabado-de-techo\/#primaryimage","url":"https:\/\/www.alphacan.com\/wp-content\/uploads\/2017\/11\/pictos-Toit.jpg","contentUrl":"https:\/\/www.alphacan.com\/wp-content\/uploads\/2017\/11\/pictos-Toit.jpg","width":484,"height":540},{"@type":"BreadcrumbList","@id":"https:\/\/www.alphacan.com\/es\/espace-clair\/acabado-de-techo\/#breadcrumb","itemListElement":[{"@type":"ListItem","position":1,"name":"Accueil","item":"https:\/\/www.alphacan.com\/es\/"},{"@type":"ListItem","position":2,"name":"Espace Clair","item":"https:\/\/www.alphacan.com\/es\/espace-clair\/"},{"@type":"ListItem","position":3,"name":"Acabado de techos"}]},{"@type":"WebSite","@id":"https:\/\/www.alphacan.com\/es\/#website","url":"https:\/\/www.alphacan.com\/es\/","name":"Alphacan","description":"Concepteur Menuiseries","potentialAction":[{"@type":"SearchAction","target":{"@type":"EntryPoint","urlTemplate":"https:\/\/www.alphacan.com\/es\/?s={search_term_string}"},"query-input":{"@type":"PropertyValueSpecification","valueRequired":true,"valueName":"search_term_string"}}],"inLanguage":"es"}]}},"_links":{"self":[{"href":"https:\/\/www.alphacan.com\/es\/wp-json\/wp\/v2\/pages\/4704","targetHints":{"allow":["GET"]}}],"collection":[{"href":"https:\/\/www.alphacan.com\/es\/wp-json\/wp\/v2\/pages"}],"about":[{"href":"https:\/\/www.alphacan.com\/es\/wp-json\/wp\/v2\/types\/page"}],"author":[{"embeddable":true,"href":"https:\/\/www.alphacan.com\/es\/wp-json\/wp\/v2\/users\/559"}],"replies":[{"embeddable":true,"href":"https:\/\/www.alphacan.com\/es\/wp-json\/wp\/v2\/comments?post=4704"}],"version-history":[{"count":5,"href":"https:\/\/www.alphacan.com\/es\/wp-json\/wp\/v2\/pages\/4704\/revisions"}],"predecessor-version":[{"id":6374,"href":"https:\/\/www.alphacan.com\/es\/wp-json\/wp\/v2\/pages\/4704\/revisions\/6374"}],"up":[{"embeddable":true,"href":"https:\/\/www.alphacan.com\/es\/wp-json\/wp\/v2\/pages\/4703"}],"wp:featuredmedia":[{"embeddable":true,"href":"https:\/\/www.alphacan.com\/es\/wp-json\/wp\/v2\/media\/4267"}],"wp:attachment":[{"href":"https:\/\/www.alphacan.com\/es\/wp-json\/wp\/v2\/media?parent=4704"}],"curies":[{"name":"wp","href":"https:\/\/api.w.org\/{rel}","templated":true}]}}

<p><strong>LA COMBINACION PERFECTA</strong></p>
<p>La línea ESPACE CLAIR ofrece una gama muy amplia de perfiles para el acabado de techos.</p>
<p>Los paneles, hechos de PVC celular expandido, están disponibles en diversas longitudes, de 150 a 400 mm.</p>
<p>Esta gama se complementa con paneles de PVC expandido o rígido, con anchos que varían entre 200 mm a 350 mm.</p>
<p>Está disponible en diversos acabados coloreados y grados de brillo.</p>

<p>LA COMBINACION PERFECTA La línea ESPACE CLAIR ofrece una gama muy amplia de perfiles para el acabado de techos. Los paneles, hechos de PVC celular expandido, están disponibles en diversas longitudes, de 150 a 400 mm. Esta gama se complementa con paneles de PVC expandido o rígido, con anchos que varían entre 200 mm a [&hellip;]</p>

<!-- This site is optimized with the Yoast SEO plugin v27.0 - https://yoast.com/product/yoast-seo-wordpress/ -->
<title>Acabado de techos &#8211; Alphacan</title>
<meta name="description" content="LA COMBINACION PERFECTA La línea ESPACE CLAIR ofrece una gama muy amplia de perfiles para el acabado de techos. Los paneles, hechos de PVC celular" />
<meta name="robots" content="index, follow, max-snippet:-1, max-image-preview:large, max-video-preview:-1" />
<link rel="canonical" href="https://www.alphacan.com/es/espace-clair/acabado-de-techo/" />
<meta property="og:locale" content="es_ES" />
<meta property="og:type" content="article" />
<meta property="og:title" content="Acabado de techos &#8211; Alphacan" />
<meta property="og:description" content="LA COMBINACION PERFECTA La línea ESPACE CLAIR ofrece una gama muy amplia de perfiles para el acabado de techos. Los paneles, hechos de PVC celular" />
<meta property="og:url" content="https://www.alphacan.com/es/espace-clair/acabado-de-techo/" />
<meta property="og:site_name" content="Alphacan" />
<meta property="article:modified_time" content="2019-04-17T09:10:29+00:00" />
<meta property="og:image" content="https://www.alphacan.com/wp-content/uploads/2017/11/pictos-Toit.jpg" />
	<meta property="og:image:width" content="484" />
	<meta property="og:image:height" content="540" />
	<meta property="og:image:type" content="image/jpeg" />
<meta name="twitter:card" content="summary_large_image" />
<script type="application/ld+json" class="yoast-schema-graph">{"@context":"https://schema.org","@graph":[{"@type":"WebPage","@id":"https://www.alphacan.com/es/espace-clair/acabado-de-techo/","url":"https://www.alphacan.com/es/espace-clair/acabado-de-techo/","name":"Acabado de techos &#8211; Alphacan","isPartOf":{"@id":"https://www.alphacan.com/es/#website"},"primaryImageOfPage":{"@id":"https://www.alphacan.com/es/espace-clair/acabado-de-techo/#primaryimage"},"image":{"@id":"https://www.alphacan.com/es/espace-clair/acabado-de-techo/#primaryimage"},"thumbnailUrl":"https://www.alphacan.com/wp-content/uploads/2017/11/pictos-Toit.jpg","datePublished":"2019-01-16T16:45:51+00:00","dateModified":"2019-04-17T09:10:29+00:00","description":"LA COMBINACION PERFECTA La línea ESPACE CLAIR ofrece una gama muy amplia de perfiles para el acabado de techos. Los paneles, hechos de PVC celular","breadcrumb":{"@id":"https://www.alphacan.com/es/espace-clair/acabado-de-techo/#breadcrumb"},"inLanguage":"es","potentialAction":[{"@type":"ReadAction","target":["https://www.alphacan.com/es/espace-clair/acabado-de-techo/"]}]},{"@type":"ImageObject","inLanguage":"es","@id":"https://www.alphacan.com/es/espace-clair/acabado-de-techo/#primaryimage","url":"https://www.alphacan.com/wp-content/uploads/2017/11/pictos-Toit.jpg","contentUrl":"https://www.alphacan.com/wp-content/uploads/2017/11/pictos-Toit.jpg","width":484,"height":540},{"@type":"BreadcrumbList","@id":"https://www.alphacan.com/es/espace-clair/acabado-de-techo/#breadcrumb","itemListElement":[{"@type":"ListItem","position":1,"name":"Accueil","item":"https://www.alphacan.com/es/"},{"@type":"ListItem","position":2,"name":"Espace Clair","item":"https://www.alphacan.com/es/espace-clair/"},{"@type":"ListItem","position":3,"name":"Acabado de techos"}]},{"@type":"WebSite","@id":"https://www.alphacan.com/es/#website","url":"https://www.alphacan.com/es/","name":"Alphacan","description":"Concepteur Menuiseries","potentialAction":[{"@type":"SearchAction","target":{"@type":"EntryPoint","urlTemplate":"https://www.alphacan.com/es/?s={search_term_string}"},"query-input":{"@type":"PropertyValueSpecification","valueRequired":true,"valueName":"search_term_string"}}],"inLanguage":"es"}]}</script>
<!-- / Yoast SEO plugin. -->

LA COMBINACION PERFECTA La línea ESPACE CLAIR ofrece una gama muy amplia de perfiles para el acabado de techos. Los paneles, hechos de PVC celular
